s ((-1)/3)/(19/(-510948)) a multiple of 16?
False
Let j(m) = m**3 + 8*m**2 + 10*m - 9. Let k be j(-6). Suppose -4*s + 2*z - 14 = 0, 2*s = -0*s + 3*z + k. Does 3 divide (-2)/((-11)/s - (-3 - -5))?
True
Let d be (-66)/(-14) - 4/(-14). Let t(u) = -41*u**3 + 3*u**2 + 4*u + 3. Let k be t(-1). Suppose k = d*h - 2. Is 3 a factor of h?
True
Suppose -p + 12 = -4*p. Let b be (-6494)/7 - (48/(-42))/p. Does 27 divide -2 + -2 + b/(-16)?
True
Let a(j) = 7*j**3 - 7*j**2 - 13*j + 8. Let n(y) = y**3 - y + 1. Let w(t) = a(t) - 6*n(t). Let b = -4 + 12. Does 10 divide w(b)?
True
Let h(x) be the first derivative of -x**4/4 - 17*x**3/3 - 19*x**2/2 + 20*x - 184. Is h(-16) a multiple of 17?
True
Suppose -8*y + 1894 = -5*y + 2*g, -3*y + 4*g = -1882. Suppose -8*u + y = -3*u. Is 7 a factor of u?
True
Let a(y) = -y**3 - 22*y**2 - 57*y + 256. Is a(-23) even?
True
Suppose 71 = 2*g - 6*m + 5*m, -3*g + 102 = 3*m. Suppose g*i - 51*i = -512. Is i even?
True
Suppose -41*j - 5*j - 21*j = -1471722. Is j a multiple of 17?
False
Let r(d) = 54*d + 82. Suppose -74*a = -76*a + 10. Does 16 divide r(a)?
True
Let l(s) = -274*s + 1750. Does 112 divide l(-21)?
True
Let a(f) = 8*f**3 - 279*f**2 - 15*f + 36. Is a(35) a multiple of 16?
True
Suppose 0 = -4*g - f + 224, 4*g + 4*f = 162 + 62. Suppose g*u = 48*u + 8800. Is u a multiple of 22?
True
Let r be (-8)/(-6)*12/8 - 8. Is (-2)/r - (-6583)/87 a multiple of 42?
False
Suppose 0 = 206*v - 147*v - 53749. Is 12 a factor of v?
False
Suppose -3*g - 316*d + 319*d = -3, 5*g = 4*d + 6. Let t = -312 - -582. Suppose g*a = t - 68. Is 14 a factor of a?
False
Let d be (-1)/(-3 + (-5)/(-2)). Suppose 7*i - d*i - 4*m = 36, -4*m = -4*i + 32. Suppose i*x - 238 = -3*x. Is 9 a factor of x?
False
Let o(b) = -13*b**3 + 2*b**2 + 2*b + 1. Let j(f) = -f**2 + 2. Let n be j(-2). Let c be o(n). Suppose -279 = -4*d + c. Is 7 a factor of d?
False
Let g be 110/44 - (-7599)/6. Let k = g - 573. Is 8 a factor of k?
True
Let u(q) = -q**2 - 13*q - 23. Let g be u(-5). Suppose -g*o + 3615 - 249 = 0. Is o a multiple of 9?
True
Let g = 8057 - 5428. Suppose 5*h = 4*p - 176 - g, -4*p = 3*h - 2829. Does 47 divide p?
True
Let n(y) = y**3 + 11*y**2 + 20*y - 1. Let k be 20/3*84/(-70). Let b be n(k). Suppose -c + 2*a = -19, 3*c - 4*c + 5*a = -b. Is c a multiple of 11?
True
Let f(l) = -l**2 + 17*l + 7. Let y be f(12). Suppose 2*h + y = -97. Let u = h + 140. Does 16 divide u?
False
Let d = 165 - 109. Let f = d - -248. Is f a multiple of 14?
False
Suppose -8*o - 166 + 590 = 0. Let h be (-1588)/18 - 2/(-9). Let z = o - h. Is 20 a factor of z?
False
Let d(p) = p**3 + 29*p**2 + 87*p + 1738. Does 20 divide d(-15)?
False
Let z(k) = 2*k**3 + 19*k**2 + 6*k + 10. Let r(u) = -u - 15. Suppose -6*w + 18 = -9*w. Let h be r(w). Does 11 divide z(h)?
False
Let z = -2942 + 3676. Does 19 divide z?
False
Suppose 5*u - 11435 = -2*t - 1182, -5*u + 4*t + 10259 = 0. Does 19 divide u?
False
Let y = 17075 - 11979. Is 28 a factor of y?
True
Suppose 5*s - 71515 = -3*v - 16082, -4*s = 4*v - 73932. Does 41 divide v?
True
Suppose -3*w = -5*y - 6*w + 33, -9 = -y - 3*w. Suppose g = t - 8, y*t - g + 12 = 9*t. Suppose t*m - m = 180. Is 15 a factor of m?
True
Suppose -24 = -33*k + 34*k. Let i(x) = x**3 + 26*x**2 + 48*x + 45. Does 12 divide i(k)?
False
Let b(w) = 873*w**2 + 126*w - 507. Is b(4) a multiple of 7?
True
Is 70 a factor of 11/6 - 3/6 - 58760/(-30)?
True
Suppose 15*b = b + 280. Let j be 6*b/6*(-36)/30. Let s = j + 49. Is 19 a factor of s?
False
Suppose 0 = -3*c + 7 - 1. Suppose -5*j = -7*j - c*r, 0 = -2*r. Suppose q - 8*q + 161 = j. Is q a multiple of 3?
False
Let j be (7 - 2) + 4/(8/(-6)). Suppose -3*k = -4*x + 8 + 2, 3*x = -j*k + 16. Suppose k*w - 19 - 63 = 0. Does 24 divide w?
False
Let j(c) = 10*c - 42. Let m be j(5). Does 5 divide (1356/m)/((-12)/(-8))?
False
Let m = -90 + 102. Let l be (-2*3/m)/((-3)/18). Suppose -l*g = -85 - 188. Is g a multiple of 13?
True
Suppose 7*i - 100 + 9 = 0. Suppose i = -3*c + 178. Does 8 divide c?
False
Let o(u) be the third derivative of u**5/12 - 11*u**4/24 + 35*u**3/6 - 2*u**2 + 12. Does 5 divide o(5)?
True
Suppose 0 = 144*s + 34*s - 10991856. Does 8 divide s?
True
Suppose -1586*r + 1608*r = 6138. Let w = -280 - -115. Let b = r + w. Is 22 a factor of b?
False
Suppose 2*l + 3*o - 139959 = 0, 110*l = 106*l + o + 279855. Is 338 a factor of l?
True
Suppose 5*m - 9 = -l, 0 = 5*l - 4*m + 18 - 5. Let k be 9 + 1/l + -2. Suppose -k*g - 57 = -219. Is 3 a factor of g?
True
Suppose 0 = -5*u + 8*u - 24. Is 46 a factor of 481*u/(-12)*(-3)/2?
False
Suppose 61*n - 119876 = -11*n - 4820. Is 17 a factor of n?
True
Let q(b) = -16*b + 100. Let i be q(6). Suppose -5*y - 3*z = -402, i*z = -0*y + 4*y - 296. Is y a multiple of 39?
True
Let g(q) = 16*q**2 - 6 + 21*q**2 - 80*q - 33*q**2. Is g(-6) a multiple of 16?
False
Let d(k) = k**2 - 9*k - 8. Let a be d(-6). Suppose 171*i = 44*i + 254. Suppose 5*c = 3*v - a, 5*c = 2*v - 46 - i. Is 6 a factor of v?
False
Let q(k) = 52*k + 131. Let y be q(-3). Let l = 38 + -75. Let n = y - l. Does 6 divide n?
True
Let u = 686 + -298. Suppose 2*z - 2*x = z + u, -5*x - 1930 = -5*z. Is 24 a factor of z?
True
Let l be 13/65 + (-658)/(-10). Let x = l + -65. Suppose -6 = -y + x. Is y a multiple of 2?
False
Let f(h) = -h**3 + 20*h**2 + 369*h - 6899. Is f(20) a multiple of 13?
True
Suppose -1097 - 1253 = -5*d. Let h = d + -220. Is h a multiple of 19?
False
Let r(x) = -3*x - 92. Let w be r(-19). Let y(t) = 3*t**2 + 84*t + 84. Is 39 a factor of y(w)?
True
Suppose 0 = 3*j - 4*h - 108, -2*j - 43 = -3*j - h. Let l = 39 - j. Is (-6)/12*(l + 3) + 259 a multiple of 43?
True
Let o(h) be the first derivative of -23/2*h**2 - 34*h + 14 - 1/3*h**3. Is o(-16) a multiple of 26?
True
Suppose 0 = -20*r - r + 16212. Let v = r + -236. Is v a multiple of 23?
False
Suppose 3*d - 2*m - 7868 = 3736, 3*d - 3*m = 11601. Does 30 divide d?
True
Let d(w) = 52*w - 2391. Does 55 divide d(61)?
False
Let w(x) = x**2 - 13*x - 8. Let d be w(14). Suppose -2*j + 2*z = -d*j - 50, 0 = -5*z - 25. Does 11 divide (44/j)/((-1)/5)?
True
Let c(w) = 417*w**2 - 43*w + 12. Is c(-3) a multiple of 132?
False
Let a be (-4)/14 + (-6685)/(-245). Suppose -5*d = -533 - a. Is d a multiple of 7?
True
Let t(l) = l**2 + 5*l - 6. Let x be t(2). Suppose 0 = -h + x*h + 301. Let y = h + 103. Does 26 divide y?
False
Suppose 0 = -3*d - d - 28. Let o(p) = -5*p**3 - 5*p**2 - 5*p + 3. Let j(x) = 6*x**3 + 4*x**2 + 4*x - 2. Let f(h) = -4*j(h) - 5*o(h). Is f(d) a multiple of 14?
True
Let m be 2 + 70 + (-15)/(-15). Suppose 3*v = -l - 23, -l + 5*v = 34 + 13. Let i = m + l. Is i a multiple of 3?
False
Suppose -k + 6382 = 18362. Is k/(-40) - 1/(-2) a multiple of 4?
True
Let o(c) be the second derivative of c**4/4 + c**3/2 - 3*c**2/2 + 12*c. Let z be o(7). Is 1/(z/(-42) - -4) a multiple of 14?
True
Suppose 2*y - w - 1 = 7*y, -1 = -3*y + w. Suppose m + 2*m - z - 18 = 0, 4*m - 5*z - 13 = 0. Suppose -m*p + 8*p - 50 = y. Does 10 divide p?
True
Let x be -4 + -1 + (6 - 1). Is 2 + 859 + x + -8 a multiple of 43?
False
Suppose 4*b - 3207 = -3*h + 2718, 3*h + 7386 = 5*b. Is 22 a factor of b?
False
Suppose -4*t = 4*i - 36, -2*t + 13 + 20 = 5*i. Suppose -182 = -3*x - 4*g, -13*x + 12*x = -i*g - 67. Is 2 a factor of x?
True
Let g = -5210 + 5805. Does 21 divide g?
False
Let x be ((-4)/15)/((-2)/(-5))*-18. Suppose 0 = -8*u + 5*u + x. Is 8 a factor of 2 - (u - 1) - (-122 + 1)?
True
Let v(f) = -f**2 + 3*f - 3. Let n be v(3). Let y be (-1 - n) + (-3)/(3/2). Suppose y = 7*z - 590 - 355. Is z a multiple of 27?
True
Suppose 5*a = h + 1420, 5*h = -0*h. Does 22 divide 923/a*(-13)/2*-16?
False
Suppose -w = -3*k + 157, 25*k - 211 = 21*k + w. Is 33268/28 + (k/(-42))/9 a multiple of 12?
True
Let d be -4*(4 + -3) + (29 - 21). Let r = 5 - -30. Suppose -5*t + r = -3*m - 7, -5*m + d = 4*t. Does 2 divide t?
True
Let j(u) = u**2 + 9*u + 5. Let m be j(-7). Is 20 a factor of (m/(-1) + -1)/(54/540)?
True
Let f(o) = -3*o + 40*o**3 + o**2 + 2 - 18*o**3 - 8*o**3. Let q be f(1). Suppose q = -68*h + 69*h. Is h a multiple of 7?
True
Suppose 2*b + 285 = -187. Let w = -191 - b. Is w a multiple of 15?
True
Does 43 divide (40/(-15)*-3 - 7)*(-13502)/(-2)?
True
Let n = 8208 - 5634. Is n a multiple of 39?
True
Suppose -14*q = -110018 - 304382. Is 32 a factor of q?
True
Let g(a) = a**3 - 5*a**2 -